 9, what is -20878 + -64712?
-85701
In base 12, what is -25286 + -80?
-25346
In base 5, what is 112411040 - -21?
112411111
In base 8, what is 3 - 24601265?
-24601262
In base 3, what is 10221020200211 - -122?
10221020201110
In base 10, what is 3 - -4047809?
4047812
In base 5, what is 10 - 404431122?
-404431112
In base 4, what is 331330030 - 23?
331330001
In base 16, what is -2ed0e9d + -3?
-2ed0ea0
In base 3, what is 11 + 212002220002111120?
212002220002111201
In base 13, what is -5 + 188435bb?
188435b6
In base 5, what is 1013412410 - -4?
1013412414
In base 11, what is 2023283a + 1?
20232840
In base 12, what is 0 - -379bb70?
379bb70
In base 10, what is -64105457 - -4?
-64105453
In base 5, what is 41422 + 324101?
421023
In base 16, what is -1647710 + -5?
-1647715
In base 3, what is 111 + -201101212202021?
-201101212201210
In base 16, what is -18a + -4b568?
-4b6f2
In base 13, what is 76a74 - 11?
76a63
In base 10, what is -29794596 + 3?
-29794593
In base 10, what is -598 + 11079?
10481
In base 11, what is aa0 - -13a06?
149a6
In base 5, what is -2032212013142 + -4?
-2032212013201
In base 15, what is 12d4bc4 + -1?
12d4bc3
In base 10, what is 75 - -845420?
845495
In base 9, what is 2152674 - -2?
2152676
In base 2, what is -100100110110101 + -111100110?
-100101110011011
In base 14, what is -bd2d + -ac?
-bddb
In base 15, what is 291 + -67a7?
-6516
In base 10, what is 25520 + -1153?
24367
In base 3, what is 22 + -12212010121121?
-12212010121022
In base 7, what is -34220 + 66565?
32345
In base 7, what is -62506 + -5150?
-100656
In base 16, what is -2d5af - 385?
-2d934
In base 7, what is -412 - 563362?
-564104
In base 9, what is 22156 - 11523?
10533
In base 5, what is 2024 - -1123243?
1130322
In base 7, what is 20042503 - 335?
20042135
In base 10, what is -2 + -173110?
-173112
In base 12, what is 29 - -363633?
363660
In base 4, what is -3300020311303 + -1?
-3300020311310
In base 13, what is 1 + -12c1bb8?
-12c1bb7
In base 8, what is 44676 - -17672?
64570
In base 7, what is 13 + 6030631?
6030644
In base 13, what is -77a - -18a84?
18307
In base 11, what is -75 - 43795?
-4385a
In base 2, what is -10001111111111 - 1001000101110?
-11011000101101
In base 12, what is 24740 - b6?
24646
In base 7, what is -4 - 11064366?
-11064403
In base 13, what is -135 + 5b3ac1?
5b3989
In base 9, what is -3314 - 215?
-3530
In base 13, what is -3 + -ca6a4?
-ca6a7
In base 5, what is 2042333330 - 20?
2042333310
In base 10, what is 101983 - 91?
101892
In base 16, what is 95384 + a?
9538e
In base 5, what is 1122104 + 133342?
1311001
In base 10, what is 2001369 - 92?
2001277
In base 4, what is -20121002323 - -22?
-20121002301
In base 15, what is -4 - -ee2159a?
ee21596
In base 3, what is 2021001220111 + 0?
2021001220111
In base 3, what is 1121101222 + -1011201?
1120020021
In base 11, what is -200 - -28178?
27a78
In base 5, what is 130 + -141214102?
-141213422
In base 7, what is 0 - -6645124?
6645124
In base 8, what is -475600 - -1314?
-474264
In base 9, what is -706402 + -14?
-706416
In base 2, what is 1110001 + -10110000111110?
-10101111001101
In base 16, what is -42 + 4cbdd?
4cb9b
In base 9, what is 2 - -431222024?
431222026
In base 3, what is 10 + -212200211011211?
-212200211011201
In base 15, what is 12ae2e6 - 1?
12ae2e5
In base 14, what is -ba58 + -288?
-bd02
In base 15, what is 2 + -3440aa?
-3440a8
In base 11, what is -29 - -2a364?
2a336
In base 15, what is -a940 - 1ca?
-ab1a
In base 2, what is 11000010100000101001101 - -101?
11000010100000101010010
In base 5, what is -2312311 - -1004?
-2311302
In base 5, what is -2131 - -203210?
201024
In base 12, what is 3 - 1b32143?
-1b32140
In base 6, what is 443 - 20025245?
-20024402
In base 2, what is 1000001010000001000100111100 - -11?
1000001010000001000100111111
In base 7, what is 0 - 65446254?
-65446254
In base 11, what is 7512830 - 1?
751282a
In base 8, what is -11 - 2451224?
-2451235
In base 15, what is 4 + 2bd4455?
2bd4459
In base 7, what is 31313 + -320?
30663
In base 7, what is -14656512 - -56?
-14656423
In base 9, what is 7833787 - 23?
7833764
In base 5, what is 143123 + -103134?
34434
In base 5, what is -1 - -1132204030?
1132204024
In base 14, what is -121cb0 - 1a?
-121cca
In base 9, what is 261103 - -1?
261104
In base 3, what is -12000201221010200 + 21?
-12000201221010102
In base 10, what is 2221910 - -82?
2221992
In base 5, what is -33320 + 124040?
40220
In base 16, what is c21fa4 + 14?
c21fb8
In base 2, what is -10001011001010000101 + -101001000111?
-10001011110011001100
In base 9, what is -15 - -127267?
127252
In base 8, what is 322647720 + -6?
322647712
In base 14, what is -3 - 579b0c7?
-579b0ca
In base 11, what is 4a4437 - 54a?
4a3998
In base 15, what is -61 + -393c8?
-39439
In base 14, what is -1727672 + -c?
-1727680
In base 7, what is 1566 - 11546?
-6650
In base 7, what is 55364 - 5031?
50333
In base 16, what is 103afb9 - 0?
103afb9
In base 13, what is 17ccb15b1 + -2?
17ccb15ac
In base 9, what is 727472 + -375?
727086
In base 12, what is 353b51 - -6b?
354000
In base 8, what is -16006722 + 1?
-16006721
In base 10, what is 3159 - -149480?
152639
In base 7, what is -3 - 101426425?
-101426431
In base 2, what is -1010 - 100010101110110000110110?
-100010101110110001000000
In base 2, what is -1011101111000111101 + -11011100001?
-1011110010100011110
In base 12, what is a10841b - 4?
a108417
In base 10, what is -5 - 12235237?
-12235242
In base 15, what is -19 + 334db?
334c2
In base 9, what is 80627075 + 2?
80627077
In base 8, what is 5 + 16137671?
16137676
In base 8, what is -16053 - 17751?
-36024
In base 3, what is 112122002121 + -101010?
112121201111
In base 13, what is -669 + 150b4b?
1504b2
In base 12, what is -210 - -3b00?
38b0
In base 3, what is -211000122010000 - 1011?
-211000122011011
In base 5, what is -14220 + 1331114?
1311344
In base 11, what is -4193361 + -18?
-4193379
In base 16, what is -53cf9 - 1a?
-53d13
In base 16, what is 20 + 7cbec3?
7cbee3
In base 10, what is -700551 - 6?
-700557
In base 16, what is e5d - -3b?
e98
In base 13, what is 147 + c4ca?
c644
In base 7, what is -422221 + -5?
-422226
In base 15, what is 67a3506 + -5?
67a3501
In base 9, what is -8 + 284083?
284074
In base 8, what is 11643 + 24346?
36211
In base 11, what is -2a52 - 13530?
-16482
In base 7, what is -3 + -24032032?
-24032035
In base 7, what is 1056250 + 452?
1060032
In base 5, what is 44 - 224411210?
-224411111
In base 10, what is -28311 - 431?
-28742
In base 11, what is 440501 - -286?
440787
In base 14, what is 33a8a54a - -1?
33a8a54b
In base 7, what is 3 + 306500510?
306500513
In base 13, what is -8 - -69bb262?
69bb257
In base 8, what is 410 + 74654?
75264
In base 14, what is 23d7 + 9c1?
2db8
In base 10, what is -13 + 110638?
110625
In base 8, what is 20557 - -11267?
32046
In base 3, what is -111000002 - -1002202?
-102220100
In base 15, what is -2a948 + -3b?
-2a984
In base 2, what is 101110000 - -100010110100000?
100011100010000
In base 11, what is -2 + 140a03?
140a01
In base 16, what is 174d26 - -1f?
174d45
In base 14, what is -970 - 7554?
-80c4
In base 9, what is -140401532 + 4?
-140401527
In base 9, what is 4220 - -3251?
7471
In base 16, what is 162f37 - 0?
162f37
In base 15, what is 3ce52 - 0?
3ce52
In base 7, what is -536163002 + -22?
-536163024
In base 7, what is -56333 + 650?
-55353
In base 10, what is 13293 - -1162?
14455
In base 16, what is 9688ff + -5?
9688fa
In base 12, what is -28a03 + 8?
-289b7
In base 5, what is -33313114 + -2122?
-33320241
In base 12, what is 484 - -824b7?
8297b
In base 12, what is 663 + 4911?
5374
In base 2, what is 111000011000010111101 - -11?
111000011000011000000
In base 15, what is 5 + -b5de7d4?
-b5de7ce
In base 9, what is 38067176 + 2?
38067178
In base 4, what is -1302021232313 - -20?
-1302021232233
In base 6, what is -200033430 - -2?
-200033424
In base 9, what is 1011703684 - 5?
1011703678
In base 7, what is -154624 + 46?
-154545
In base 12, what is -19840 - 8b84?
-26804
In base 14, what is 7 - -114b61?
114b68
In base 8, what is 1160 + -13640?
-12460
In base 2, what is 1110110101001110000 - 10110?
1110110101001011010
In base 15, what is 8c6 + -1193?
-7bc
In base 2, what is -101111001100110001011 + -1111?
-101111001100110011010
In base 7, what is -30153103136 + 5?
-30153103131
In base 8, what is -4 + 